(13 + -2)) + -8.
-13
What is -23 - (-28 + -4 + 8)?
1
What is the value of 1 + -12 + (21 - -2) + 14?
26
What is the value of 7 - (-4 + -26 - -39)?
-2
What is the value of 5 + -5 + -9 + -1 + 6 + 6?
2
What is the value of (7 + -4 - -3) + (3 - -4) + -11?
2
Calculate -7 + 7 + -12 - -7.
-5
Calculate 2 - (6 - ((26 - 21) + -1 + -1)).
-1
Evaluate (-6 - (-17 - -26)) + -17.
-32
(-59 - -67) + -2 + -4 - 1
1
Calculate (3 - 3 - 0) + -1 - (-19 + 20).
-2
Evaluate -7 + 2 + (-3 - -3) - (-138 + 119).
14
What is -5 + 6 - ((4 - 10) + -5)?
12
What is -1 - (2 - ((-9 - -10) + 9))?
7
Evaluate -6 + (-6 - (-2 - -1) - (89 + -96)).
-4
(8 + -1 + -8 - (-29 - -27)) + -6
-5
What is the value of 9 - ((18 - -1) + 7) - (-1 - 4)?
-12
Evaluate 7 + -9 - (7 + -1 + 3).
-11
What is the value of 16 + (-17 + 7 - 6)?
0
((3 - -2) + 2 - -2) + -21
-12
Calculate (-4 - -8 - 1 - -16) + (48 - 52).
15
What is the value of (-13 - -3) + (9 - (-9 - -20))?
-12
(0 + 0 - (-1 + -2)) + -2 + -17
-16
Evaluate 1 + -1 + (-8 - (-1 + -11) - -2).
6
Evaluate -15 - ((-19 - 0) + (460 - 471)).
15
What is (-6 - -3 - -1) + 5 + 0?
3
Calculate 1 + 0 - -2 - (30 + -39).
12
Evaluate 6 - (3 - -15 - 15) - 15.
-12
Evaluate -8 - (11 + -13 - (-2 - 1 - 2)).
-11
What is the value of -14 + 0 + 7 + -2?
-9
Evaluate -4 - (-7 + 9) - (-17 - 3).
14
What is the value of (-19 - -38 - 11) + -16?
-8
-11 + (7 - 5) + -4 + 5
-8
Evaluate -54 + 54 + 19 + -6 + 0.
13
-1 + -5 - (5 - 8) - (-4 - -3)
-2
Calculate 3 + (-5 + -2 - -3 - 8) + 1.
-8
What is the value of -27 - -4 - -26 - -9?
12
Calculate (49 - (1 + 8)) + -18.
22
Evaluate 2 + -19 - (-43 + 13 - -14 - -25).
-26
What is -7 + (-7 - (-33 - -14)) - -4?
9
What is the value of 4 + 16 + 7 + -13?
14
What is the value of (9 - -1) + 6 + (42 - 38)?
20
Evaluate -9 + 4 + -2 + 1 - (-198 + 194).
-2
What is the value of (-16 + 8 - -8) + 8 + -9?
-1
Calculate -8 - ((1 - (17 + -8)) + 9).
-9
Calculate -3 - -11 - (85 + -99).
22
Evaluate -25 - -35 - 24 - -20.
6
-11 + (-11 - (-2 - 1) - -10)
-9
What is 3 + -4 + 0 + -3 + 27 + -7?
16
What is -7 + 3 + -12 + 10 + -7 + 0?
-13
Calculate 2 - (-30 + -14 + 45).
1
Evaluate -4 + 13 + (2 - 1) + (-4 - 31).
-25
What is (75 - 174 - -91) + (-2 - -1) + 7?
-2
1 + (21 - 12) + -10
0
What is 4 + (-12 - (7 + -8))?
-7
-180 + 188 + (0 - (33 - 1))
-24
6 - (-2 - (-1 - (0 - -5)))
2
-2 + 8 + -3 + (-1 - -14)
16
Evaluate (-9 - -16) + 0 + -17.
-10
What is -26 - (27 - 4 - 24)?
-25
Evaluate (-2 - (-4 - -7)) + -12.
-17
Calculate -5 - (-3 - 3 - (1 - (-7 + 11))).
-2
Evaluate -22 + (6 - -6) + -1 + 6.
-5
10 - (-13 - (-39 - -9))
-7
Evaluate -28 + (-25 - -70) - -4.
21
What is 13 - 2 - (66 + -68)?
13
-5 + 0 - (1 + -18 + 1 + 1)
10
What is -14 + 6 + 29 - (-4 - (-5 - -3))?
23
-1 + 0 + (21 - 34 - -12) - -14
12
Evaluate (0 + -7 - (20 - 4 - 23)) + 5.
5
Calculate -3 - (1 + 24 + -18 + 5).
-15
Evaluate (0 - (1 - -6)) + 44 + 2 + -27.
12
What is 4 + 6 + 15 + 5 + -19?
11
Evaluate (9 - 22) + 9 + 6.
2
Calculate 2 + -5 - (9 - 4 - 14).
6
(-6 - (0 - 13)) + 1
8
What is 14 + (-1 - 32 - -15 - -1)?
-3
Calculate -10 - 0 - -10 - (4 - 1).
-3
Calculate (9 - -1) + (-8 - 1).
1
-1 + (-1 - (-10 + 0)) + (-37 - -27)
-2
Evaluate -19 + (-5 - -14 - 2 - 6 - 3).
-21
Evaluate (-16 - (18 + -12)) + (-2 - -1).
-23
Calculate -2 + -2 + (-51 - (37 - 85)).
-7
What is 344 + -337 - (2 - 4)?
9
What is the value of (6 - 13) + 7 + 20?
20
Calculate -6 + 13 + (-28 - -4).
-17
Calculate 16 + -1 + 3 + 0 + -5 + 9.
22
Evaluate (-5 - 5) + -19 + (11 - 9).
-27
12 + (6 - -41 - 78)
-19
-8 + -12 + 17 - (-41 - -10)
28
What is the value of -22 - -23 - 2 - (4 - 5 - -31)?
-31
What is the value of 29 + -31 + -1 - (-2 + -5)?
4
What is -21 + (15 + -5 - (7 + -6))?
-12
Calculate 12 - (-4 - (23 - (1 + 11))).
27
Calculate ((-8 - -14) + (-4 - -3) - 1) + -33.
-29
What is the value of (-21 - (-10 + 3)) + 25?
11
What is the value of -5 - (-17 - (-6 + -2) - -3)?
1
Calculate (-2 - -10) + 3 + 119 + -146.
-16
Evaluate 6 - (7 - (0 + 1) - (-10 + 10)).
0
Calculate 0 - (5 - ((-2 - -3) + 1)) - 8.
-11
Calculate -8 - (554 + -573 - (0 - (0 + -1))).
12
What is -4 + -2 - (-1 + -11 - 0) - -7?
13
What is the value of 11 + (-3 + -5 + 9 - 0)?
12
-11 + 7 - (-1 + -4 - (3 - 9))
-5
What is the value of 443 - 439 - (5 + -1)?
0
Evaluate 1 + (-20 - -40) - 47.
-26
Calculate 11 - 2 - -1 - (-146 - -152).
4
43 - 47 - (-2 + 2 + 1 + 6)
-11
-5 + -4 + 1 - (4 + 15)
-27
What is -1 - (-1 + (-12 - (-14 - -2)))?
0
78 + -59 + (5 - 13) + -2
9
Evaluate -16 + -1 + (13 - 6) + (0 - -1).
-9
What is 8 - 5 - (1 - 26) - (-5 + 5)?
28
What is 8 + (-3 - (-6 + -1 - 2)) + 1?
15
Evaluate -2 + ((-13 - -5) + 9 - -7).
6
What is 476 - 465 - (16 + 0)?
-5
What is 0 + 2 + 1 - (-135 - -150)?
-12
What is the value of (-13 - (-4 + 12 + (-29 - -21))) + -8?
-21
Calculate 124 - 146 - (2 + (-7 + 0 - -5)).
-22
-5 + (0 - (9 + -1 - 2)) + 23
12
What is 1 + -2 + -1 - (393 + -389)?
-6
Calculate -48 + (38 - (38 - 22)).
-26
What is the value of 24 + -86 + 23 - -22?
-17
What is the value of (-221 + 228 - (-1 + 22)) + 4?
-10
What is the value of 0 + 0 + 33 - (4690 - 4673)?
16
What is the value of 49 + -41 - (2 + -1 + 2)?
5
What is 4 - (-11 + -5 + 9 + (0 - 6))?
17
Calculate -23 - (-8 - (52 - 8)).
29
What is -13 + -12 + -16 + 35 + 26?
20
16 - (-8 + 12 + (6 - 9) + -2)
17
Evaluate 7 + (-2 - (7 - (7 + -4))) - 8.
-7
Evaluate 0 + 5 - (37 + -29 + -11).
8
Calculate -12 - 0 - (-58 + 54).
-8
Evaluate 2 - (7 + -6 + 14 + -8).
-5
(-59 - -29) + 1 + 44
15
Calculate (-9 - -17 - 21) + 1.
-12
Calculate (-6 - (-7 - (3 + -7))) + -2.
-5
What is the value of -65 - (37 - (6 - -57))?
-39
Calculate (0 - -5) + (4 + -5 - (18 + -10)).
-4
Calculate (-213 - -214) + (0 - 2).
-1
(11 - 1) + (30 - 38)
2
4 + 0 - (-9 + (28 - 0))
-15
(12 - (-13 + 40)) + 13
-2
Calculate 9 + (1 + 5 - (17 - 13)) + -5.
6
What is the value of (-1 - (-5 - -6 - 0)) + 1 + 3?
2
Evaluate 11 - ((-26 - -21) + 5 + -1 + 3).
9
Calculate (-9 - (0 + 6)) + (-38 - -43).
-10
Calculate -5 - (-3 - 5) - (-6 + 6) - 5.
-2
What is the value of -5 - (-11 - -11) - -19 - (-2 - 7)?
23
Evaluate 13 - (-18 - (-39 + 14)).
6
-7 + 9 - (-52 + 57)
-3
Evaluate 10 - (9 - -9) - -11.
3
-8 + 18 + -7 - -3
6
What is -5 + 1 - (3 + -9 + -15 - 0)?
17
(-907 - -890) + 1 + -1
-17
What is the value of (-6 - -29 - (-2 + -5 + 12)) + -7?
11
What is 10 + (-3 + 5 - 14) + -1?
-3
4 - (10 - 22 - -10 - -1)
5
Calculate 42 + -37 - (30 + (-5 - -5) + 4).
-29
Evaluate 189 + -194 - ((7 - 4 - -12) + -1).
-19
Calculate (13 + -14 - -37) + -14.
22
What is 26 + -48 + (-9 - -30)?
-1
Calculate 16 + (-15 - (-19 - -4)).
16
What is the value of 22 - -5 - (5 + (-1 - -3))?
20
Calculate -4 + -13 + 20 + (9 - 25).
-13
Evaluate 2 + (4 - (5 - (14 + -3))).
12
Calculate (4 + -14 - 17) + 14.
-13
What is the value of 12 + -2 + 0 + 1 + (171 - 178)?
4
(14 - (-3 + 7) - 24) + 10
-4
Calculate -10 - (-4 + (0 - -4)) - (15 - 23).
-2
What is the value of 6 + (14 - 20) + -16?
-16
Evaluate (19 - -4) + -21 + 17 + -2 + -2.
15
Calculate 4 - (-10 + (0 - ((-11 - -6) + 7))).
16
What is (2 + (1 - -8) - -5) + -4?
12
Evaluate -2 - -19 - ((-2 + 5 - -3) + 0).
11
What is the value of 2 + (-72 - -33) + 13?
-24
What is (-12 - (-17 - (-15 - -6))) + -3?
-7
Evaluate -3 - -2 - -3 - (179 - 165).
-12
Evaluate 8 + 0 + -4 + 14 - (-3 - -4).
17
Evaluate -21 - -45 - 17 - -1 - (-1 + 13).
-4
Evaluate -7 + 16 + (4 - (2 - -5 - 5)).
11
Calculate -8 + -12 + 36 + -6.
10
What is the value of 1 - 17 - -2 - (-2 - 8)?
-4
18 + (-2 + 10 - 23) + 6 + 1
10
What is 5 + (2 - 6) + -1 + 3?
3
What is (5 - -5) + -6 - (16 - (8 - 4))?
-8
What is (5 - 13 - (-1 - 1)) + -19 + 17?
-8
What is -3 + 4 + 39 + -28?
12
Calculate -6 + 13 + 18 + -2 + -1 + -5.
17
Evaluate -7 - -6 - 5 - (14 - (-2 + 6)).
-16
Calculate (-38 - -31) + -22 - -10.
-19
Evaluate 8 - (36 + -9 - 44).
25
Calculate -14 - (13 - 19 - -5).
-13
(8 - -24) + -17 + -1
14
Evaluate -33 + 6 + 47 + -7.
13
14 - ((55 - 66) + (5 - 0))
20
What is the value of -2 - (-8 - -12 - (7 - (5 + -5)))?
1
Calculate 29 + -1 + -8 + (36 - 53).
3
Evaluate 17 - ((-3 - 5 - -10) + 8 + -3).
10
Evaluate (39 + -74 - -46) + 0 + 1 + -5.
7
-26 + 13 - (-15 - -6) - (-4 - 6)
6
(10 - 17) + 14 + -1 + (-1 - -21)
26
What is the value of -5 - (-21 + 9) - (-6 - -17)?
-4
What is (-12 + 16 - (-2 + -1) - 10) + -1?
-4
What is -7 - (13 + -29 - -1)?
8
-52 + 45 + 6 + -13
-14
What is the value of 1 + 6 + (-47 - -49) + -10?
-1
What is -8 - 8 - (2 + -7